me factors of m?
2, 67
Let m(b) = 9*b + 78. Let o(a) = -10*a - 79. Let g(k) = 6*m(k) + 5*o(k). Let c(w) = -31*w - 922. Let d be c(-30). What are the prime factors of g(d)?
3, 5, 7
Suppose 5*v = i - 5, -3*v + 3*i = 15 - 0. Suppose -3*f + 937 = 3*p - 245, v = 2*f - 3*p - 773. List the prime factors of f.
17, 23
Let h(r) = -r**3 - 7*r**2 + 14*r + 8. Suppose -2*u + 4 = -0*d + d, 6 = -4*u + 5*d. Suppose -10 = q - u. What are the prime factors of h(q)?
2, 11
Suppose -20*a - 162 = -1302. What are the prime factors of 52218/a - (-2)/114*-6?
2, 229
Let u = -12848 - -13750. What are the prime factors of u?
2, 11, 41
Let b be -6*200/30*(0 + -1). Let o = 768 - b. What are the prime factors of o?
2, 7, 13
What are the prime factors of ((-42)/4 + 11)*-10281*8/(-12)?
23, 149
Let y = 222 - 19. Let l = y + 2002. List the prime factors of l/15 - 5/(-1).
2, 19
Suppose -2*w - 2*w = -2*r - 81794, -5*w + 102246 = -3*r. What are the prime factors of w?
3, 5, 29, 47
Let g(b) = -3*b**2 - 93*b + 130. Let u be g(-32). Let d = 58 + 11. Let v = d - u. What are the prime factors of v?
5, 7
Let x = 59553 - 21411. List the prime factors of x.
2, 3, 13, 163
Suppose 2*p - 2*q - 78 = 0, -2*q - 258 = -4*p - 102. List the prime factors of (1 + 1 + -24)/(p/(-546)).
2, 7, 11
Let c = 5068 + -3525. Let u = -1100 + c. List the prime factors of u.
443
Let m(n) = -3*n**3 - 3*n**2 + 2. Let i(k) = -7*k**3 - 7*k**2 + k + 4. Let x(t) = 2*i(t) - 5*m(t). Let s be x(3). Let z = s + 27. List the prime factors of z.
67
Let d be 150/(-22) + 7*(-22)/847. What are the prime factors of (-14)/d*(-307)/(-1)?
2, 307
Let s = 84 + -87. What are the prime factors of (-997)/s + (-17)/51?
2, 83
Let s = 288 + -185. Let x = 111 - s. Suppose x*w + 16 = 10*w. List the prime factors of w.
2
Suppose -28*k = -27*k - 6238. List the prime factors of k.
2, 3119
Suppose a = -2715 + 8572. Suppose 9*c = a + 2090. Suppose -18*k = -611 - c. What are the prime factors of k?
83
What are the prime factors of (-173 + 10)*-90 - 4/(20/(-35))?
13, 1129
Let c = -11 - -11. Suppose c*z - 2*z + 4 = 0. Suppose -z*m = 9 - 211. List the prime factors of m.
101
What are the prime factors of (42/14 - -8256) + -3*1?
2, 3, 43
Let r be 734/16 - 4/(-32). Let q = r + -8. Let n = 83 - q. What are the prime factors of n?
3, 5
Let u = 39541 - 16196. List the prime factors of u.
5, 7, 23, 29
Let l(n) = -n**3 + 35*n**2 + 30*n + 338. What are the prime factors of l(31)?
2, 3, 71
Let g(l) = 2*l - 16. Let k be g(6). Let i be k + -1*(4 + -5). Let z = i + 40. What are the prime factors of z?
37
Suppose 0 = -7*k + 4998 - 1316. Suppose -2*m - k = -1912. List the prime factors of m.
3, 7, 11
Suppose -4*v = -109 - 251. Suppose -3*a = -5*r + 179 - 13, r - 2 = 0. Let m = v + a. List the prime factors of m.
2, 19
Let h(x) = x**2 - 23*x + 64. Let j be h(3). Suppose -6*l = -3*l + 5*k - 184, 227 = j*l + 3*k. List the prime factors of l.
53
Let z = -10238 - -19697. List the prime factors of z.
3, 1051
Suppose -3*x + q = -81295, 3*x - 63106 - 18184 = 2*q. List the prime factors of x.
2, 5, 271
Suppose 4*h - 2*w - 626 = 0, -617 = -4*h - 4*w + 3*w. List the prime factors of h - (5 - -3) - (-1 + 3).
5, 29
Let h(q) be the third derivative of q**5/20 - 31*q**4/24 + 3*q**3/2 + 23*q**2. Let z be h(9). What are the prime factors of 2/(87/(-432) + (-6)/z)?
2, 3
Let i(g) = 3*g - 64. Let t(c) = -4*c + 64. Let r(j) = -3*i(j) - 2*t(j). Let f be 2/((-72)/(-692)) - (-16)/(-72). What are the prime factors of r(f)?
3, 5
Let h(k) = -51*k**3 - 1. Suppose 5*f + 100 = -5*l, -4*f + 9*f + 3*l + 106 = 0. Let t = -24 - f. List the prime factors of h(t).
2, 5
Let q = 22842 - 15837. What are the prime factors of q?
3, 5, 467
Suppose -5*d - 29 = 4*j, -5*j = -4*d + 3*d. What are the prime factors of 18*(d + -4 + 642/12)?
3, 89
Suppose -3 + 15 = 3*w. Suppose -f + z + 0*z = -54, 4*f = -w*z + 232. Suppose 0 = 5*s - 20, 0 = 4*i + s - 112 - f. List the prime factors of i.
41
Suppose -365*n = -377*n + 760812. What are the prime factors of n?
13, 4877
Let f = 504 - 499. Suppose 1711 = f*b + 4*o - 1041, -5*b = -5*o - 2725. What are the prime factors of b?
2, 137
Suppose 0 = -4*p + 140 - 108. Suppose -9*b = -5*h - 6*b + p, -3*h + 16 = b. List the prime factors of h.
2
Let l = 40518 - 23374. What are the prime factors of l?
2, 2143
Let f(d) = -1649*d - 64. List the prime factors of f(-4).
2, 23, 71
Let h be (8190/(-280))/((-6)/128). Suppose -4*u + 806 = -3*n - 462, 2*u + n = h. What are the prime factors of u?
2, 157
Suppose -167 = 43*o - 44*o. Suppose 21*r = 25*r - 1176. Let f = r - o. What are the prime factors of f?
127
Let n = 15 - 4. Let g(c) = 33*c - 56. Let j(r) = 3*r - 1. Let d(k) = g(k) - 7*j(k). What are the prime factors of d(n)?
83
Suppose 2798 = 4*j - 2*r, 2071 = 58*j - 55*j + 4*r. List the prime factors of j.
17, 41
Let m = 242 - 248. Let s(x) = 4*x - 23. Let k(v) = 3*v - 22. Let r(t) = 7*k(t) - 6*s(t). What are the prime factors of r(m)?
2
Let b = -86 - -90. Suppose 0*u + u - b*q - 20 = 0, -q + 2 = 0. List the prime factors of u.
2, 7
Suppose -3*p = -2*n - 4947, 7*n = 11*n + 24. List the prime factors of p.
5, 7, 47
Let h(r) = 3*r - 46. Let w be h(15). Let b be ((3 - 3) + 12)*(46 - w). Let v = b - 361. What are the prime factors of v?
7, 29
Let k = 81059 - 40842. What are the prime factors of k?
131, 307
Let h be 1*(-2)/(6/789). Let k = h + 602. List the prime factors of k.
3, 113
List the prime factors of (24088/16)/((4/32)/((-25)/(-20))).
5, 3011
Let j(w) = w**3 + 28*w**2 - 17*w + 64. Let g be j(-20). Let x = g - 2505. List the prime factors of x.
7, 157
Suppose 17*r = 40 + 28. Suppose -3*g + r*h + 928 = 0, -3*g - 25*h + 953 = -24*h. List the prime factors of g.
2, 79
Let c = 76 + -98. Let n = c + 58. What are the prime factors of (-6566)/(-34) - (n/17 + -2)?
193
Let n be 199*((-7 - -9) + 0). What are the prime factors of (n/(-10))/(47/(-1645))?
7, 199
Suppose 2*h - f = -0*f + 13890, -7*f = h - 6945. What are the prime factors of h?
3, 5, 463
Let g be 225/(-45) - (2 + (-2 - 26)). Suppose 0 = -6*k + g*k - 1185. What are the prime factors of k?
79
Let j = -79884 - -113781. What are the prime factors of j?
3, 11299
Suppose 0 = o + 4*n - 48692, 2*o + 70*n - 97426 = 68*n. List the prime factors of o.
2, 3, 5, 7, 29
Suppose 8*v - 1547 = 84964 + 23065. List the prime factors of v.
13697
Suppose 0*q - 5*q + 1163 = -2*s, -2*q - 1184 = 2*s. Let w = -340 - s. Let a = w - 115. List the prime factors of a.
2, 67
Suppose -f - 10*f + 33 = 0. Suppose 0*s + 4*s = -k + 1940, f*s + 2*k - 1450 = 0. List the prime factors of s.
2, 3
Let i(r) be the first derivative of 27*r**2/2 + 21*r - 9. List the prime factors of i(2).
3, 5
Suppose -9*o - 44*o = -289963. List the prime factors of o.
5471
Suppose 4*y - w - 25802 = 22237, 0 = -4*y - 8*w + 48048. What are the prime factors of y?
2, 5, 1201
Suppose 0 = -12*a - 87 + 339. Let t = a - 23. What are the prime factors of t + (16*15)/2?
2, 59
Suppose 34*n - 27*n = 210. List the prime factors of 30507/n - (-8)/80.
3, 113
Suppose -3*o - 183 - 177 = 3*r, -5*o = 4*r + 484. Let a = 240 + r. Suppose c - a = 4*w - 6*w, -5*w = -c + 117. List the prime factors of c.
2, 61
Let c be ((-22)/6 + -1)/(8/12). Let k be (3/6)/((c/48)/7). Let n = k - -75. List the prime factors of n.
3, 17
Let t(k) = -k**2 + 2*k - 11182. Let i be t(0). What are the prime factors of i/(-46) - 2/23?
3
Suppose 3*f + 113 - 31 = 4*m, -2*m + 54 = 5*f. Suppose -m*n + 4750 + 552 = 0. What are the prime factors of n?
241
Let k be 102/8*16/(-4)*-10. Suppose 3*t + 3*w - 298 = 4*w, -k = -5*t - w. Let x = 85 + t. List the prime factors of x.
2, 3, 31
Let g(r) = -r - 8. Let p be g(-8). Let z be (-70 - p)*(-180)/50. Let s = z - 172. List the prime factors of s.
2, 5
Suppose -125*x + 121*x = -8. Let n be 1/(((-5)/52)/(-5)). Suppose -192 = -x*d - n. What are the prime factors of d?
2, 5, 7
Suppose f - 1366 = 3*h, -4*h = -2*f - 0*f + 1818. Let m = -68 - h. What are the prime factors of m?
389
Suppose 4*k - 5*p = 142676 - 47942, -94758 = -4*k + p. List the prime factors of k.
3, 53, 149
Let l(i) = -3 + i**3 + 19 + 8*i - 6*i + 35 - 30*i**2. What are the prime factors of l(30)?
3, 37
What are the prime factors of 4*(715929/60 - 3 - 82/205)?
3, 5, 3181
Suppose 0 = -h - 3*b - b - 638, 5*h + 3290 = 5*b. Let z = h - -1